Last updated on 2025-07-27 08:48:38 CEST.
Flavor | Version | Tinstall | Tcheck | Ttotal | Status | Flags |
---|---|---|---|---|---|---|
r-devel-linux-x86_64-debian-clang | 2.1 | 7.55 | 85.09 | 92.64 | NOTE | |
r-devel-linux-x86_64-debian-gcc | 2.1 | 5.35 | 61.06 | 66.41 | NOTE | |
r-devel-linux-x86_64-fedora-clang | 2.1 | 143.93 | OK | |||
r-devel-linux-x86_64-fedora-gcc | 2.1 | 152.11 | OK | |||
r-devel-windows-x86_64 | 2.1 | 10.00 | 112.00 | 122.00 | OK | |
r-patched-linux-x86_64 | 2.1 | 7.36 | 80.50 | 87.86 | OK | |
r-release-linux-x86_64 | 2.1 | 7.19 | 81.05 | 88.24 | OK | |
r-release-macos-arm64 | 2.1 | 56.00 | OK | |||
r-release-macos-x86_64 | 2.1 | 110.00 | OK | |||
r-release-windows-x86_64 | 2.1 | 8.00 | 112.00 | 120.00 | OK | |
r-oldrel-macos-arm64 | 2.1 | 45.00 | OK | |||
r-oldrel-macos-x86_64 | 2.1 | 76.00 | OK | |||
r-oldrel-windows-x86_64 | 2.1 | 10.00 | 120.00 | 130.00 | OK |
Version: 2.1
Check: CRAN incoming feasibility
Result: NOTE
Maintainer: ‘Ivan Fernandez-Val <ivanf@bu.edu>’
No Authors@R field in DESCRIPTION.
Please add one, modifying
Authors@R: c(person(given = "Wesley",
family = "Graybill",
role = "aut"),
person(given = "Mingli",
family = "Chen",
role = "aut"),
person(given = "Victor",
family = "Chernozhukov",
role = "aut"),
person(given = "Ivan",
family = "Fernandez-Val",
role = c("aut", "cre"),
email = "ivanf@bu.edu"),
person(given = "Alfred",
family = "Galichon",
role = "aut"))
as necessary.
Flavors: r-devel-linux-x86_64-debian-clang, r-devel-linux-x86_64-debian-gcc