Last updated on 2025-07-27 08:48:39 CEST.
Flavor | Version | Tinstall | Tcheck | Ttotal | Status | Flags |
---|---|---|---|---|---|---|
r-devel-linux-x86_64-debian-clang | 1.3.4 | 38.10 | 47.70 | 85.80 | OK | |
r-devel-linux-x86_64-debian-gcc | 1.3.4 | 27.72 | 35.93 | 63.65 | OK | |
r-devel-linux-x86_64-fedora-clang | 1.3.4 | 159.54 | OK | |||
r-devel-linux-x86_64-fedora-gcc | 1.3.4 | 139.20 | OK | |||
r-devel-windows-x86_64 | 1.3.4 | 64.00 | 215.00 | 279.00 | OK | |
r-patched-linux-x86_64 | 1.3.4 | 34.33 | 43.29 | 77.62 | OK | |
r-release-linux-x86_64 | 1.3.4 | 37.75 | 43.43 | 81.18 | OK | |
r-release-macos-arm64 | 1.3.4 | 55.00 | OK | |||
r-release-macos-x86_64 | 1.3.4 | 117.00 | OK | |||
r-release-windows-x86_64 | 1.3.4 | 59.00 | 217.00 | 276.00 | OK | |
r-oldrel-macos-arm64 | 1.3.4 | 47.00 | NOTE | |||
r-oldrel-macos-x86_64 | 1.3.4 | 80.00 | NOTE | |||
r-oldrel-windows-x86_64 | 1.3.4 | 81.00 | 225.00 | 306.00 | OK |
Version: 1.3.4
Check: installed package size
Result: NOTE
installed size is 5.4Mb
sub-directories of 1Mb or more:
libs 5.0Mb
Flavors: r-oldrel-macos-arm64, r-oldrel-macos-x86_64