Last updated on 2025-07-25 08:49:59 CEST.
Flavor | Version | Tinstall | Tcheck | Ttotal | Status | Flags |
---|---|---|---|---|---|---|
r-devel-linux-x86_64-debian-clang | 0.1.0 | 9.39 | 73.12 | 82.51 | OK | |
r-devel-linux-x86_64-debian-gcc | 0.1.0 | 6.86 | 53.46 | 60.32 | OK | |
r-devel-linux-x86_64-fedora-clang | 0.1.0 | 128.36 | NOTE | |||
r-devel-linux-x86_64-fedora-gcc | 0.1.0 | 120.99 | NOTE | |||
r-devel-windows-x86_64 | 0.1.0 | 10.00 | 86.00 | 96.00 | OK | |
r-patched-linux-x86_64 | 0.1.0 | 8.10 | 68.62 | 76.72 | OK | |
r-release-linux-x86_64 | 0.1.0 | 8.80 | 70.64 | 79.44 | OK | |
r-release-macos-arm64 | 0.1.0 | 39.00 | OK | |||
r-release-macos-x86_64 | 0.1.0 | 67.00 | OK | |||
r-release-windows-x86_64 | 0.1.0 | 12.00 | 87.00 | 99.00 | OK | |
r-oldrel-macos-arm64 | 0.1.0 | 37.00 | OK | |||
r-oldrel-macos-x86_64 | 0.1.0 | 56.00 | OK | |||
r-oldrel-windows-x86_64 | 0.1.0 | 13.00 | 104.00 | 117.00 | OK |
Version: 0.1.0
Check: dependencies in R code
Result: NOTE
Namespace in Imports field not imported from: ‘missMethods’
All declared Imports should be used.
Flavors: r-devel-linux-x86_64-fedora-clang, r-devel-linux-x86_64-fedora-gcc