Last updated on 2025-07-24 20:49:34 CEST.
Flavor | Version | Tinstall | Tcheck | Ttotal | Status | Flags |
---|---|---|---|---|---|---|
r-devel-linux-x86_64-debian-clang | 0.0.5 | 7.78 | 122.45 | 130.23 | OK | |
r-devel-linux-x86_64-debian-gcc | 0.0.5 | 5.25 | 82.30 | 87.55 | OK | |
r-devel-linux-x86_64-fedora-clang | 0.0.5 | 200.35 | NOTE | |||
r-devel-linux-x86_64-fedora-gcc | 0.0.5 | 207.16 | NOTE | |||
r-devel-windows-x86_64 | 0.0.5 | 8.00 | 131.00 | 139.00 | OK | |
r-patched-linux-x86_64 | 0.0.5 | 7.25 | 112.48 | 119.73 | OK | |
r-release-linux-x86_64 | 0.0.5 | 6.15 | 113.19 | 119.34 | OK | |
r-release-macos-arm64 | 0.0.5 | 61.00 | OK | |||
r-release-macos-x86_64 | 0.0.5 | 113.00 | OK | |||
r-release-windows-x86_64 | 0.0.5 | 9.00 | 133.00 | 142.00 | OK | |
r-oldrel-macos-arm64 | 0.0.5 | 58.00 | OK | |||
r-oldrel-macos-x86_64 | 0.0.5 | 90.00 | OK | |||
r-oldrel-windows-x86_64 | 0.0.5 | 12.00 | 163.00 | 175.00 | OK |
Version: 0.0.5
Check: dependencies in R code
Result: NOTE
Namespaces in Imports field not imported from:
‘itsadug’ ‘mgcv’
All declared Imports should be used.
Flavors: r-devel-linux-x86_64-fedora-clang, r-devel-linux-x86_64-fedora-gcc