CRAN Package Check Results for Package PantaRhei

Last updated on 2025-07-27 08:48:36 CEST.

Flavor Version Tinstall Tcheck Ttotal Status Flags
r-devel-linux-x86_64-debian-clang 0.1.2 3.93 42.68 46.61 OK
r-devel-linux-x86_64-debian-gcc 0.1.2 2.36 32.33 34.69 OK
r-devel-linux-x86_64-fedora-clang 0.1.2 68.67 NOTE
r-devel-linux-x86_64-fedora-gcc 0.1.2 80.58 NOTE
r-devel-windows-x86_64 0.1.2 4.00 55.00 59.00 OK
r-patched-linux-x86_64 0.1.2 3.36 39.91 43.27 OK
r-release-linux-x86_64 0.1.2 3.68 40.24 43.92 OK
r-release-macos-arm64 0.1.2 28.00 OK
r-release-macos-x86_64 0.1.2 56.00 OK
r-release-windows-x86_64 0.1.2 6.00 52.00 58.00 OK
r-oldrel-macos-arm64 0.1.2 27.00 OK
r-oldrel-macos-x86_64 0.1.2 43.00 OK
r-oldrel-windows-x86_64 0.1.2 5.00 62.00 67.00 OK

Check Details

Version: 0.1.2
Check: dependencies in R code
Result: NOTE Namespace in Imports field not imported from: ‘utils’ All declared Imports should be used. Flavors: r-devel-linux-x86_64-fedora-clang, r-devel-linux-x86_64-fedora-gcc