Last updated on 2025-07-25 20:49:37 CEST.
Flavor | Version | Tinstall | Tcheck | Ttotal | Status | Flags |
---|---|---|---|---|---|---|
r-devel-linux-x86_64-debian-clang | 0.1.2 | 18.19 | 884.30 | 902.49 | OK | |
r-devel-linux-x86_64-debian-gcc | 0.1.2 | 13.15 | 545.01 | 558.16 | OK | |
r-devel-linux-x86_64-fedora-clang | 0.1.2 | 1497.62 | OK | |||
r-devel-linux-x86_64-fedora-gcc | 0.1.2 | 1793.43 | OK | |||
r-devel-windows-x86_64 | 0.1.2 | 20.00 | 815.00 | 835.00 | OK | |
r-patched-linux-x86_64 | 0.1.2 | 19.22 | 803.25 | 822.47 | OK | |
r-release-linux-x86_64 | 0.1.2 | 16.32 | 823.27 | 839.59 | OK | |
r-release-macos-arm64 | 0.1.2 | 283.00 | OK | |||
r-release-macos-x86_64 | 0.1.2 | 734.00 | OK | |||
r-release-windows-x86_64 | 0.1.2 | 20.00 | 719.00 | 739.00 | OK | |
r-oldrel-macos-arm64 | 0.1.2 | 283.00 | NOTE | |||
r-oldrel-macos-x86_64 | 0.1.2 | 577.00 | NOTE | |||
r-oldrel-windows-x86_64 | 0.1.2 | 24.00 | 1072.00 | 1096.00 | OK |
Version: 0.1.2
Check: installed package size
Result: NOTE
installed size is 5.1Mb
sub-directories of 1Mb or more:
data 2.1Mb
doc 2.0Mb
Flavors: r-oldrel-macos-arm64, r-oldrel-macos-x86_64