Last updated on 2025-07-27 20:50:03 CEST.
Flavor | Version | Tinstall | Tcheck | Ttotal | Status | Flags |
---|---|---|---|---|---|---|
r-devel-linux-x86_64-debian-clang | 1.0.4 | 5.45 | 29.62 | 35.07 | NOTE | |
r-devel-linux-x86_64-debian-gcc | 1.0.4 | 3.71 | 23.29 | 27.00 | NOTE | |
r-devel-linux-x86_64-fedora-clang | 1.0.4 | 53.55 | OK | |||
r-devel-linux-x86_64-fedora-gcc | 1.0.4 | 51.89 | OK | |||
r-devel-windows-x86_64 | 1.0.4 | 5.00 | 50.00 | 55.00 | OK | |
r-patched-linux-x86_64 | 1.0.4 | 3.88 | 27.37 | 31.25 | OK | |
r-release-linux-x86_64 | 1.0.4 | 4.34 | 27.29 | 31.63 | OK | |
r-release-macos-arm64 | 1.0.4 | 21.00 | OK | |||
r-release-macos-x86_64 | 1.0.4 | 33.00 | OK | |||
r-release-windows-x86_64 | 1.0.4 | 5.00 | 48.00 | 53.00 | OK | |
r-oldrel-macos-arm64 | 1.0.4 | 20.00 | OK | |||
r-oldrel-macos-x86_64 | 1.0.4 | 37.00 | OK | |||
r-oldrel-windows-x86_64 | 1.0.4 | 6.00 | 55.00 | 61.00 | OK |
Version: 1.0.4
Check: CRAN incoming feasibility
Result: NOTE
Maintainer: ‘Lorenzo Mercuri <lorenzo.mercuri@unimi.it>’
No Authors@R field in DESCRIPTION.
Please add one, modifying
Authors@R: c(person(given = "Lorenzo",
family = "Mercuri",
role = c("aut", "cre"),
email = "lorenzo.mercuri@unimi.it"),
person(given = "Edit",
family = "Rroji",
role = "aut"))
as necessary.
Flavors: r-devel-linux-x86_64-debian-clang, r-devel-linux-x86_64-debian-gcc