CRAN Package Check Results for Package Microsoft365R

Last updated on 2025-07-27 20:50:03 CEST.

Flavor Version Tinstall Tcheck Ttotal Status Flags
r-devel-linux-x86_64-debian-clang 2.4.1 18.79 47.46 66.25 OK
r-devel-linux-x86_64-debian-gcc 2.4.1 11.70 37.15 48.85 OK
r-devel-linux-x86_64-fedora-clang 2.4.1 103.98 NOTE
r-devel-linux-x86_64-fedora-gcc 2.4.1 114.74 NOTE
r-devel-windows-x86_64 2.4.1 20.00 76.00 96.00 OK
r-patched-linux-x86_64 2.4.1 18.15 44.17 62.32 OK
r-release-linux-x86_64 2.4.1 16.73 43.93 60.66 OK
r-release-macos-arm64 2.4.1 48.00 OK
r-release-macos-x86_64 2.4.1 82.00 OK
r-release-windows-x86_64 2.4.1 17.00 76.00 93.00 OK
r-oldrel-macos-arm64 2.4.1 42.00 OK
r-oldrel-macos-x86_64 2.4.1 87.00 OK
r-oldrel-windows-x86_64 2.4.1 22.00 85.00 107.00 OK

Check Details

Version: 2.4.1
Check: dependencies in R code
Result: NOTE Namespaces in Imports field not imported from: ‘R6’ ‘curl’ ‘jsonlite’ ‘parallel’ ‘tools’ ‘vctrs’ All declared Imports should be used. Flavors: r-devel-linux-x86_64-fedora-clang, r-devel-linux-x86_64-fedora-gcc