Last updated on 2025-07-27 20:50:02 CEST.
Flavor | Version | Tinstall | Tcheck | Ttotal | Status | Flags |
---|---|---|---|---|---|---|
r-devel-linux-x86_64-debian-clang | 1.1.2 | 24.94 | 39.33 | 64.27 | NOTE | |
r-devel-linux-x86_64-debian-gcc | 1.1.2 | 21.00 | 34.86 | 55.86 | NOTE | |
r-devel-linux-x86_64-fedora-clang | 1.1.2 | 117.80 | NOTE | |||
r-devel-linux-x86_64-fedora-gcc | 1.1.2 | 126.43 | NOTE | |||
r-devel-windows-x86_64 | 1.1.2 | 33.00 | 80.00 | 113.00 | NOTE | |
r-patched-linux-x86_64 | 1.1.2 | 30.07 | 42.71 | 72.78 | NOTE | |
r-release-linux-x86_64 | 1.1.2 | 29.97 | 42.64 | 72.61 | NOTE | |
r-release-macos-arm64 | 1.1.2 | 80.00 | NOTE | |||
r-release-macos-x86_64 | 1.1.2 | 92.00 | NOTE | |||
r-release-windows-x86_64 | 1.1.2 | 32.00 | 76.00 | 108.00 | NOTE | |
r-oldrel-macos-arm64 | 1.1.2 | 46.00 | NOTE | |||
r-oldrel-macos-x86_64 | 1.1.2 | 83.00 | NOTE | |||
r-oldrel-windows-x86_64 | 1.1.2 | 38.00 | 100.00 | 138.00 | NOTE |
Version: 1.1.2
Check: C++ specification
Result: NOTE
Specified C++11: please drop specification unless essential
Flavors: r-devel-linux-x86_64-debian-clang, r-devel-linux-x86_64-debian-gcc, r-devel-linux-x86_64-fedora-clang, r-devel-linux-x86_64-fedora-gcc, r-devel-windows-x86_64, r-patched-linux-x86_64, r-release-linux-x86_64, r-release-macos-arm64, r-release-macos-x86_64, r-release-windows-x86_64, r-oldrel-macos-arm64, r-oldrel-macos-x86_64, r-oldrel-windows-x86_64