Last updated on 2025-07-26 08:49:25 CEST.
Flavor | Version | Tinstall | Tcheck | Ttotal | Status | Flags |
---|---|---|---|---|---|---|
r-devel-linux-x86_64-debian-clang | 1.6.6 | 20.70 | 71.52 | 92.22 | NOTE | |
r-devel-linux-x86_64-debian-gcc | 1.6.6 | 11.69 | 52.68 | 64.37 | NOTE | |
r-devel-linux-x86_64-fedora-clang | 1.6.6 | 144.85 | OK | |||
r-devel-linux-x86_64-fedora-gcc | 1.6.6 | 132.20 | OK | |||
r-devel-windows-x86_64 | 1.6.6 | 22.00 | 105.00 | 127.00 | OK | |
r-patched-linux-x86_64 | 1.6.6 | 16.68 | 67.23 | 83.91 | OK | |
r-release-linux-x86_64 | 1.6.6 | 15.30 | 67.43 | 82.73 | OK | |
r-release-macos-arm64 | 1.6.6 | 55.00 | OK | |||
r-release-macos-x86_64 | 1.6.6 | 76.00 | OK | |||
r-release-windows-x86_64 | 1.6.6 | 22.00 | 117.00 | 139.00 | OK | |
r-oldrel-macos-arm64 | 1.6.6 | 42.00 | OK | |||
r-oldrel-macos-x86_64 | 1.6.6 | 62.00 | OK | |||
r-oldrel-windows-x86_64 | 1.6.6 | 25.00 | 110.00 | 135.00 | OK |
Version: 1.6.6
Check: CRAN incoming feasibility
Result: NOTE
Maintainer: ‘Charles Kooperberg <clk@fredhutch.org>’
No Authors@R field in DESCRIPTION.
Please add one, modifying
Authors@R: c(person(given = "Charles",
family = "Kooperberg",
role = c("aut", "cre"),
email = "clk@fredhutch.org"),
person(given = "Ingo",
family = "Ruczinski",
role = "aut",
email = "ingo@jhu.edu"))
as necessary.
Flavors: r-devel-linux-x86_64-debian-clang, r-devel-linux-x86_64-debian-gcc