CRAN Package Check Results for Package JBrowseR

Last updated on 2025-07-24 20:49:28 CEST.

Flavor Version Tinstall Tcheck Ttotal Status Flags
r-devel-linux-x86_64-debian-clang 0.10.2 2.92 39.89 42.81 OK
r-devel-linux-x86_64-debian-gcc 0.10.2 2.31 31.72 34.03 OK
r-devel-linux-x86_64-fedora-clang 0.10.2 65.19 NOTE
r-devel-linux-x86_64-fedora-gcc 0.10.2 75.49 NOTE
r-devel-windows-x86_64 0.10.2 5.00 62.00 67.00 OK
r-patched-linux-x86_64 0.10.2 2.49 37.24 39.73 OK
r-release-linux-x86_64 0.10.2 3.08 36.81 39.89 OK
r-release-macos-arm64 0.10.2 35.00 OK
r-release-macos-x86_64 0.10.2 57.00 OK
r-release-windows-x86_64 0.10.2 6.00 63.00 69.00 OK
r-oldrel-macos-arm64 0.10.2 31.00 NOTE
r-oldrel-macos-x86_64 0.10.2 61.00 NOTE
r-oldrel-windows-x86_64 0.10.2 6.00 69.00 75.00 NOTE

Check Details

Version: 0.10.2
Check: dependencies in R code
Result: NOTE Namespace in Imports field not imported from: ‘ids’ All declared Imports should be used. Flavors: r-devel-linux-x86_64-fedora-clang, r-devel-linux-x86_64-fedora-gcc

Version: 0.10.2
Check: installed package size
Result: NOTE installed size is 6.1Mb sub-directories of 1Mb or more: htmlwidgets 5.7Mb Flavors: r-oldrel-macos-arm64, r-oldrel-macos-x86_64, r-oldrel-windows-x86_64