Last updated on 2025-07-26 08:49:24 CEST.
Flavor | Version | Tinstall | Tcheck | Ttotal | Status | Flags |
---|---|---|---|---|---|---|
r-devel-linux-x86_64-debian-clang | 0.1.0 | 19.75 | 150.95 | 170.70 | NOTE | |
r-devel-linux-x86_64-debian-gcc | 0.1.0 | 13.66 | 105.99 | 119.65 | NOTE | |
r-devel-linux-x86_64-fedora-clang | 0.1.0 | 266.06 | NOTE | |||
r-devel-linux-x86_64-fedora-gcc | 0.1.0 | 236.67 | NOTE | |||
r-devel-windows-x86_64 | 0.1.0 | 21.00 | 139.00 | 160.00 | NOTE | |
r-patched-linux-x86_64 | 0.1.0 | 19.46 | 139.36 | 158.82 | NOTE | |
r-release-linux-x86_64 | 0.1.0 | 17.31 | 139.15 | 156.46 | NOTE | |
r-release-macos-arm64 | 0.1.0 | 65.00 | NOTE | |||
r-release-macos-x86_64 | 0.1.0 | 154.00 | NOTE | |||
r-release-windows-x86_64 | 0.1.0 | 20.00 | 140.00 | 160.00 | NOTE | |
r-oldrel-macos-arm64 | 0.1.0 | 88.00 | NOTE | |||
r-oldrel-macos-x86_64 | 0.1.0 | 120.00 | NOTE | |||
r-oldrel-windows-x86_64 | 0.1.0 | 28.00 | 177.00 | 205.00 | NOTE |
Version: 0.1.0
Check: package subdirectories
Result: NOTE
Problems with news in ‘NEWS.md’:
Cannot extract version info from the following section titles:
INSPECTumours (development version)
Flavors: r-devel-linux-x86_64-debian-clang, r-devel-linux-x86_64-debian-gcc, r-devel-linux-x86_64-fedora-clang, r-devel-linux-x86_64-fedora-gcc, r-devel-windows-x86_64, r-patched-linux-x86_64, r-release-linux-x86_64, r-release-macos-arm64, r-release-macos-x86_64, r-release-windows-x86_64, r-oldrel-macos-arm64, r-oldrel-macos-x86_64, r-oldrel-windows-x86_64