Last updated on 2025-07-26 08:49:23 CEST.
Flavor | Version | Tinstall | Tcheck | Ttotal | Status | Flags |
---|---|---|---|---|---|---|
r-devel-linux-x86_64-debian-clang | 1.2.5 | 41.60 | 159.76 | 201.36 | NOTE | |
r-devel-linux-x86_64-debian-gcc | 1.2.5 | 31.38 | 107.22 | 138.60 | NOTE | |
r-devel-linux-x86_64-fedora-clang | 1.2.5 | 323.21 | NOTE | |||
r-devel-linux-x86_64-fedora-gcc | 1.2.5 | 319.44 | NOTE | |||
r-devel-windows-x86_64 | 1.2.5 | 44.00 | 161.00 | 205.00 | NOTE | |
r-patched-linux-x86_64 | 1.2.5 | 40.96 | 151.19 | 192.15 | NOTE | |
r-release-linux-x86_64 | 1.2.5 | 44.77 | 151.69 | 196.46 | NOTE | |
r-release-macos-arm64 | 1.2.5 | 109.00 | NOTE | |||
r-release-macos-x86_64 | 1.2.5 | 218.00 | NOTE | |||
r-release-windows-x86_64 | 1.2.5 | 44.00 | 160.00 | 204.00 | NOTE | |
r-oldrel-macos-arm64 | 1.2.5 | 108.00 | OK | |||
r-oldrel-macos-x86_64 | 1.2.5 | 152.00 | OK | |||
r-oldrel-windows-x86_64 | 1.2.5 | 58.00 | 207.00 | 265.00 | OK |
Version: 1.2.5
Check: DESCRIPTION meta-information
Result: NOTE
Missing dependency on R >= 4.1.0 because package code uses the pipe
|> or function shorthand \(...) syntax added in R 4.1.0.
File(s) using such syntax:
‘icd_lookup.R’
Flavors: r-devel-linux-x86_64-debian-clang, r-devel-linux-x86_64-debian-gcc, r-devel-linux-x86_64-fedora-clang, r-devel-linux-x86_64-fedora-gcc, r-devel-windows-x86_64, r-patched-linux-x86_64, r-release-linux-x86_64, r-release-macos-arm64, r-release-macos-x86_64, r-release-windows-x86_64