Last updated on 2025-07-23 08:48:52 CEST.
Flavor | Version | Tinstall | Tcheck | Ttotal | Status | Flags |
---|---|---|---|---|---|---|
r-devel-linux-x86_64-debian-clang | 5.2-3 | 53.66 | 319.13 | 372.79 | NOTE | |
r-devel-linux-x86_64-debian-gcc | 5.2-3 | 34.36 | 193.91 | 228.27 | NOTE | |
r-devel-linux-x86_64-fedora-clang | 5.2-3 | 610.68 | NOTE | |||
r-devel-linux-x86_64-fedora-gcc | 5.2-3 | 532.28 | NOTE | |||
r-devel-windows-x86_64 | 5.2-3 | 59.00 | 351.00 | 410.00 | NOTE | |
r-patched-linux-x86_64 | 5.2-3 | 58.27 | 297.05 | 355.32 | NOTE | |
r-release-linux-x86_64 | 5.2-3 | 52.79 | 296.71 | 349.50 | NOTE | |
r-release-macos-arm64 | 5.2-3 | 147.00 | NOTE | |||
r-release-macos-x86_64 | 5.2-3 | 292.00 | NOTE | |||
r-release-windows-x86_64 | 5.2-3 | 58.00 | 339.00 | 397.00 | NOTE | |
r-oldrel-macos-arm64 | 5.2-3 | 118.00 | NOTE | |||
r-oldrel-macos-x86_64 | 5.2-3 | 281.00 | NOTE | |||
r-oldrel-windows-x86_64 | 5.2-3 | 83.00 | 461.00 | 544.00 | NOTE |
Version: 5.2-3
Check: R code for possible problems
Result: NOTE
Fdebug: multiple local function definitions for ‘deb’ with different
formal arguments
html_describe_con: multiple local function definitions for ‘g’ with
different formal arguments
Flavors: r-devel-linux-x86_64-debian-clang, r-devel-linux-x86_64-debian-gcc, r-devel-linux-x86_64-fedora-clang, r-devel-linux-x86_64-fedora-gcc, r-devel-windows-x86_64, r-patched-linux-x86_64, r-release-linux-x86_64, r-release-macos-arm64, r-release-macos-x86_64, r-release-windows-x86_64, r-oldrel-macos-arm64, r-oldrel-macos-x86_64, r-oldrel-windows-x86_64