Last updated on 2025-07-27 08:48:30 CEST.
Flavor | Version | Tinstall | Tcheck | Ttotal | Status | Flags |
---|---|---|---|---|---|---|
r-devel-linux-x86_64-debian-clang | 2.0.11 | 3.62 | 46.98 | 50.60 | NOTE | |
r-devel-linux-x86_64-debian-gcc | 2.0.11 | 3.53 | 33.68 | 37.21 | NOTE | |
r-devel-linux-x86_64-fedora-clang | 2.0.11 | 82.32 | OK | |||
r-devel-linux-x86_64-fedora-gcc | 2.0.11 | 92.68 | OK | |||
r-devel-windows-x86_64 | 2.0.11 | 7.00 | 81.00 | 88.00 | OK | |
r-patched-linux-x86_64 | 2.0.11 | 5.65 | 43.74 | 49.39 | OK | |
r-release-linux-x86_64 | 2.0.11 | 5.43 | 43.52 | 48.95 | OK | |
r-release-macos-arm64 | 2.0.11 | 36.00 | OK | |||
r-release-macos-x86_64 | 2.0.11 | 53.00 | OK | |||
r-release-windows-x86_64 | 2.0.11 | 6.00 | 72.00 | 78.00 | OK | |
r-oldrel-macos-arm64 | 2.0.11 | 28.00 | OK | |||
r-oldrel-macos-x86_64 | 2.0.11 | 52.00 | OK | |||
r-oldrel-windows-x86_64 | 2.0.11 | 7.00 | 76.00 | 83.00 | OK |
Version: 2.0.11
Check: CRAN incoming feasibility
Result: NOTE
Maintainer: ‘Andrea Rau <andrea.rau@jouy.inra.fr>’
No Authors@R field in DESCRIPTION.
Please add one, modifying
Authors@R: c(person(given = "Andrea",
family = "Rau",
role = c("aut", "cre"),
email = "andrea.rau@jouy.inra.fr"),
person(given = "Gilles",
family = "Celeux",
role = "aut"),
person(given = "Marie-Laure",
family = "Martin-Magniette",
role = "aut"),
person(given = c("Cathy", "Maugis-"),
family = "Rabusseau",
role = "aut"))
as necessary.
Flavors: r-devel-linux-x86_64-debian-clang, r-devel-linux-x86_64-debian-gcc