CRAN Package Check Results for Package GenOrd

Last updated on 2025-07-27 08:48:29 CEST.

Flavor Version Tinstall Tcheck Ttotal Status Flags
r-devel-linux-x86_64-debian-clang 1.4.0 6.63 55.06 61.69 NOTE
r-devel-linux-x86_64-debian-gcc 1.4.0 3.83 40.90 44.73 NOTE
r-devel-linux-x86_64-fedora-clang 1.4.0 91.84 OK
r-devel-linux-x86_64-fedora-gcc 1.4.0 85.30 OK
r-devel-windows-x86_64 1.4.0 8.00 67.00 75.00 OK
r-patched-linux-x86_64 1.4.0 5.62 51.86 57.48 OK
r-release-linux-x86_64 1.4.0 5.95 51.47 57.42 OK
r-release-macos-arm64 1.4.0 33.00 OK
r-release-macos-x86_64 1.4.0 62.00 OK
r-release-windows-x86_64 1.4.0 6.00 66.00 72.00 OK
r-oldrel-macos-arm64 1.4.0 29.00 OK
r-oldrel-macos-x86_64 1.4.0 49.00 OK
r-oldrel-windows-x86_64 1.4.0 9.00 78.00 87.00 OK

Check Details

Version: 1.4.0
Check: CRAN incoming feasibility
Result: NOTE Maintainer: ‘Alessandro Barbiero <alessandro.barbiero@unimi.it>’ No Authors@R field in DESCRIPTION. Please add one, modifying Authors@R: c(person(given = "Alessandro", family = "Barbiero", role = c("aut", "cre"), email = "alessandro.barbiero@unimi.it"), person(given = c("Pier", "Alda"), family = "Ferrari", role = "aut")) as necessary. Flavors: r-devel-linux-x86_64-debian-clang, r-devel-linux-x86_64-debian-gcc