CRAN Package Check Results for Package FREEtree

Last updated on 2025-07-27 08:48:28 CEST.

Flavor Version Tinstall Tcheck Ttotal Status Flags
r-devel-linux-x86_64-debian-clang 0.1.0 30.19 273.67 303.86 NOTE
r-devel-linux-x86_64-debian-gcc 0.1.0 19.59 201.99 221.58 NOTE
r-devel-linux-x86_64-fedora-clang 0.1.0 480.71 NOTE
r-devel-linux-x86_64-fedora-gcc 0.1.0 439.64 NOTE
r-devel-windows-x86_64 0.1.0 27.00 228.00 255.00 OK
r-patched-linux-x86_64 0.1.0 26.20 259.15 285.35 OK
r-release-linux-x86_64 0.1.0 26.76 260.03 286.79 OK
r-release-macos-arm64 0.1.0 118.00 OK
r-release-macos-x86_64 0.1.0 235.00 OK
r-release-windows-x86_64 0.1.0 29.00 235.00 264.00 OK
r-oldrel-macos-arm64 0.1.0 119.00 OK
r-oldrel-macos-x86_64 0.1.0 189.00 OK
r-oldrel-windows-x86_64 0.1.0 38.00 306.00 344.00 OK

Check Details

Version: 0.1.0
Check: CRAN incoming feasibility
Result: NOTE Maintainer: ‘Athanasse Zafirov <zafirov@gmail.com>’ Package CITATION file contains call(s) to old-style personList() or as.personList(). Please use c() on person objects instead. Package CITATION file contains call(s) to old-style citEntry(). Please use bibentry() instead. Flavors: r-devel-linux-x86_64-debian-clang, r-devel-linux-x86_64-debian-gcc

Version: 0.1.0
Check: dependencies in R code
Result: NOTE Namespace in Imports field not imported from: ‘MASS’ All declared Imports should be used. Flavors: r-devel-linux-x86_64-fedora-clang, r-devel-linux-x86_64-fedora-gcc