Last updated on 2025-07-24 20:49:22 CEST.
Flavor | Version | Tinstall | Tcheck | Ttotal | Status | Flags |
---|---|---|---|---|---|---|
r-devel-linux-x86_64-debian-clang | 3.0.1 | 15.85 | 62.99 | 78.84 | NOTE | |
r-devel-linux-x86_64-debian-gcc | 3.0.1 | 9.92 | 41.35 | 51.27 | NOTE | |
r-devel-linux-x86_64-fedora-clang | 3.0.1 | 126.81 | NOTE | |||
r-devel-linux-x86_64-fedora-gcc | 3.0.1 | 126.11 | NOTE | |||
r-devel-windows-x86_64 | 3.0.1 | 15.00 | 74.00 | 89.00 | NOTE | |
r-patched-linux-x86_64 | 3.0.1 | 14.97 | 60.62 | 75.59 | NOTE | |
r-release-linux-x86_64 | 3.0.1 | 15.73 | 59.14 | 74.87 | NOTE | |
r-release-macos-arm64 | 3.0.1 | 33.00 | NOTE | |||
r-release-macos-x86_64 | 3.0.1 | 69.00 | NOTE | |||
r-release-windows-x86_64 | 3.0.1 | 15.00 | 74.00 | 89.00 | NOTE | |
r-oldrel-macos-arm64 | 3.0.1 | 33.00 | NOTE | |||
r-oldrel-macos-x86_64 | 3.0.1 | 49.00 | NOTE | |||
r-oldrel-windows-x86_64 | 3.0.1 | 20.00 | 91.00 | 111.00 | NOTE |
Version: 3.0.1
Check: CRAN incoming feasibility
Result: NOTE
Maintainer: ‘Carla Moreira <carlamgmm@gmail.com>’
No Authors@R field in DESCRIPTION.
Please add one, modifying
Authors@R: c(person(given = "Carla",
family = "Moreira",
role = c("aut", "cre"),
email = "carlamgmm@gmail.com"),
person(given = "Jacobo",
family = "de Uña-Álvarez",
role = "aut"),
person(given = "Rosa",
family = "Crujeiras",
role = "aut"))
as necessary.
Flavors: r-devel-linux-x86_64-debian-clang, r-devel-linux-x86_64-debian-gcc
Version: 3.0.1
Check: Rd files
Result: NOTE
checkRd: (-1) efron.petrosian.Rd:22: Lost braces
22 | \item{error}{ Numeric value. Maximum pointwise error when estimating the density associated to X (f) in two consecutive steps. If this is missing, it is $1e{-06}$.}
| ^
checkRd: (-1) lynden.Rd:21: Lost braces
21 | \item{error}{ Numeric value. Maximum pointwise error when estimating the density associated to X (f) in two consecutive steps. If this is missing, it is $1e{-06}$.}
| ^
checkRd: (-1) shen.Rd:24: Lost braces
24 | \item{error}{ Numeric value. Maximum pointwise error when estimating the density associated to X (f) in two consecutive steps. If this is missing, it is $1e{-06}$.}
| ^
Flavors: r-devel-linux-x86_64-debian-clang, r-devel-linux-x86_64-debian-gcc, r-devel-linux-x86_64-fedora-clang, r-devel-linux-x86_64-fedora-gcc, r-devel-windows-x86_64, r-patched-linux-x86_64, r-release-linux-x86_64, r-release-macos-arm64, r-release-macos-x86_64, r-release-windows-x86_64, r-oldrel-macos-arm64, r-oldrel-macos-x86_64, r-oldrel-windows-x86_64