CRAN Package Check Results for Package DIFshiny

Last updated on 2025-07-27 08:48:26 CEST.

Flavor Version Tinstall Tcheck Ttotal Status Flags
r-devel-linux-x86_64-debian-clang 0.1.0 16.97 110.84 127.81 NOTE
r-devel-linux-x86_64-debian-gcc 0.1.0 11.42 83.90 95.32 NOTE
r-devel-linux-x86_64-fedora-clang 0.1.0 202.35 OK
r-devel-linux-x86_64-fedora-gcc 0.1.0 194.33 OK
r-devel-windows-x86_64 0.1.0 17.00 109.00 126.00 OK
r-patched-linux-x86_64 0.1.0 14.34 105.44 119.78 OK
r-release-linux-x86_64 0.1.0 14.99 102.91 117.90 OK
r-release-macos-arm64 0.1.0 56.00 OK
r-release-macos-x86_64 0.1.0 95.00 OK
r-release-windows-x86_64 0.1.0 17.00 110.00 127.00 OK
r-oldrel-macos-arm64 0.1.0 35.00 NOTE
r-oldrel-macos-x86_64 0.1.0 54.00 NOTE
r-oldrel-windows-x86_64 0.1.0 23.00 142.00 165.00 NOTE

Check Details

Version: 0.1.0
Check: CRAN incoming feasibility
Result: NOTE Maintainer: ‘Huseyin Yildiz <huseyinyildiz35@gmail.com>’ No Authors@R field in DESCRIPTION. Please add one, modifying Authors@R: person(given = "Huseyin", family = "Yildiz", role = c("aut", "cre"), email = "huseyinyildiz35@gmail.com") as necessary. Flavors: r-devel-linux-x86_64-debian-clang, r-devel-linux-x86_64-debian-gcc

Version: 0.1.0
Check: LazyData
Result: NOTE 'LazyData' is specified without a 'data' directory Flavors: r-oldrel-macos-arm64, r-oldrel-macos-x86_64, r-oldrel-windows-x86_64