CRAN Package Check Results for Package CommonMean.Copula

Last updated on 2025-07-27 08:48:25 CEST.

Flavor Version Tinstall Tcheck Ttotal Status Flags
r-devel-linux-x86_64-debian-clang 1.0.4 1.80 19.05 20.85 NOTE
r-devel-linux-x86_64-debian-gcc 1.0.4 1.65 15.64 17.29 NOTE
r-devel-linux-x86_64-fedora-clang 1.0.4 31.20 OK
r-devel-linux-x86_64-fedora-gcc 1.0.4 31.18 OK
r-devel-windows-x86_64 1.0.4 3.00 47.00 50.00 OK
r-patched-linux-x86_64 1.0.4 1.94 17.89 19.83 OK
r-release-linux-x86_64 1.0.4 1.59 17.86 19.45 OK
r-release-macos-arm64 1.0.4 15.00 OK
r-release-macos-x86_64 1.0.4 24.00 OK
r-release-windows-x86_64 1.0.4 3.00 40.00 43.00 OK
r-oldrel-macos-arm64 1.0.4 20.00 OK
r-oldrel-macos-x86_64 1.0.4 23.00 OK
r-oldrel-windows-x86_64 1.0.4 3.00 42.00 45.00 OK

Check Details

Version: 1.0.4
Check: CRAN incoming feasibility
Result: NOTE Maintainer: ‘Jia-Han Shih <tommy355097@gmail.com>’ No Authors@R field in DESCRIPTION. Please add one, modifying Authors@R: person(given = "Jia-Han", family = "Shih", role = c("aut", "cre"), email = "tommy355097@gmail.com") as necessary. Flavors: r-devel-linux-x86_64-debian-clang, r-devel-linux-x86_64-debian-gcc