CRAN Package Check Results for Package CircSpaceTime

Last updated on 2025-07-27 08:48:24 CEST.

Flavor Version Tinstall Tcheck Ttotal Status Flags
r-devel-linux-x86_64-debian-clang 0.9.0 116.33 43.36 159.69 NOTE
r-devel-linux-x86_64-debian-gcc 0.9.0 74.24 31.32 105.56 NOTE
r-devel-linux-x86_64-fedora-clang 0.9.0 293.41 NOTE
r-devel-linux-x86_64-fedora-gcc 0.9.0 249.40 NOTE
r-devel-windows-x86_64 0.9.0 124.00 92.00 216.00 NOTE
r-patched-linux-x86_64 0.9.0 110.86 39.48 150.34 NOTE
r-release-linux-x86_64 0.9.0 98.86 38.95 137.81 NOTE
r-release-macos-arm64 0.9.0 79.00 NOTE
r-release-macos-x86_64 0.9.0 74.00 NOTE
r-release-windows-x86_64 0.9.0 122.00 86.00 208.00 NOTE
r-oldrel-macos-arm64 0.9.0 59.00 NOTE
r-oldrel-macos-x86_64 0.9.0 69.00 NOTE
r-oldrel-windows-x86_64 0.9.0 140.00 106.00 246.00 NOTE

Check Details

Version: 0.9.0
Check: CRAN incoming feasibility
Result: NOTE Maintainer: ‘Mario Santoro <santoro.ma@gmail.com>’ The BugReports field in DESCRIPTION has https://github.com/santoroma/CircSpaceTime which should likely be https://github.com/santoroma/CircSpaceTime/issues instead. Flavors: r-devel-linux-x86_64-debian-clang, r-devel-linux-x86_64-debian-gcc

Version: 0.9.0
Check: C++ specification
Result: NOTE Specified C++11: please drop specification unless essential Flavors: r-devel-linux-x86_64-debian-clang, r-devel-linux-x86_64-debian-gcc, r-devel-linux-x86_64-fedora-clang, r-devel-linux-x86_64-fedora-gcc, r-devel-windows-x86_64, r-patched-linux-x86_64, r-release-linux-x86_64, r-release-macos-arm64, r-release-macos-x86_64, r-release-windows-x86_64, r-oldrel-macos-arm64, r-oldrel-macos-x86_64, r-oldrel-windows-x86_64

Version: 0.9.0
Check: dependencies in R code
Result: NOTE Namespaces in Imports field not imported from: ‘RInside’ ‘circular’ All declared Imports should be used. Flavors: r-devel-linux-x86_64-fedora-clang, r-devel-linux-x86_64-fedora-gcc

Version: 0.9.0
Check: installed package size
Result: NOTE installed size is 7.1Mb sub-directories of 1Mb or more: data 1.8Mb libs 4.7Mb Flavors: r-oldrel-macos-arm64, r-oldrel-macos-x86_64