CRAN Package Check Results for Package CLSIEP15

Last updated on 2025-07-27 08:48:24 CEST.

Flavor Version Tinstall Tcheck Ttotal Status Flags
r-devel-linux-x86_64-debian-clang 0.1.0 4.30 40.46 44.76 NOTE
r-devel-linux-x86_64-debian-gcc 0.1.0 2.85 30.05 32.90 NOTE
r-devel-linux-x86_64-fedora-clang 0.1.0 73.05 NOTE
r-devel-linux-x86_64-fedora-gcc 0.1.0 82.19 NOTE
r-devel-windows-x86_64 0.1.0 6.00 60.00 66.00 NOTE
r-patched-linux-x86_64 0.1.0 4.43 37.85 42.28 NOTE
r-release-linux-x86_64 0.1.0 3.23 38.07 41.30 NOTE
r-release-macos-arm64 0.1.0 31.00 NOTE
r-release-macos-x86_64 0.1.0 56.00 NOTE
r-release-windows-x86_64 0.1.0 6.00 58.00 64.00 NOTE
r-oldrel-macos-arm64 0.1.0 30.00 OK
r-oldrel-macos-x86_64 0.1.0 44.00 OK
r-oldrel-windows-x86_64 0.1.0 8.00 69.00 77.00 OK

Check Details

Version: 0.1.0
Check: DESCRIPTION meta-information
Result: NOTE Missing dependency on R >= 4.1.0 because package code uses the pipe |> or function shorthand \(...) syntax added in R 4.1.0. File(s) using such syntax: ‘bias_df_combined.R’ ‘create_table_ep_15.R’ ‘precision_calculate_aov_info.R’ Flavors: r-devel-linux-x86_64-debian-clang, r-devel-linux-x86_64-debian-gcc, r-devel-linux-x86_64-fedora-clang, r-devel-linux-x86_64-fedora-gcc, r-devel-windows-x86_64, r-patched-linux-x86_64, r-release-linux-x86_64, r-release-macos-arm64, r-release-macos-x86_64, r-release-windows-x86_64