CRAN Package Check Results for Package BranchGLM

Last updated on 2025-07-27 08:48:23 CEST.

Flavor Version Tinstall Tcheck Ttotal Status Flags
r-devel-linux-x86_64-debian-clang 3.0.1 137.36 106.19 243.55 NOTE
r-devel-linux-x86_64-debian-gcc 3.0.1 95.64 84.87 180.51 NOTE
r-devel-linux-x86_64-fedora-clang 3.0.1 405.77 NOTE
r-devel-linux-x86_64-fedora-gcc 3.0.1 419.10 NOTE
r-devel-windows-x86_64 3.0.1 151.00 135.00 286.00 NOTE
r-patched-linux-x86_64 3.0.1 139.01 103.55 242.56 NOTE
r-release-linux-x86_64 3.0.1 140.31 98.16 238.47 NOTE
r-release-macos-arm64 3.0.1 101.00 NOTE
r-release-macos-x86_64 3.0.1 129.00 NOTE
r-release-windows-x86_64 3.0.1 145.00 128.00 273.00 NOTE
r-oldrel-macos-arm64 3.0.1 92.00 NOTE
r-oldrel-macos-x86_64 3.0.1 165.00 NOTE
r-oldrel-windows-x86_64 3.0.1 175.00 153.00 328.00 OK

Check Details

Version: 3.0.1
Check: DESCRIPTION meta-information
Result: NOTE Missing dependency on R >= 4.1.0 because package code uses the pipe |> or function shorthand \(...) syntax added in R 4.1.0. File(s) using such syntax: ‘BranchGLM.R’ ‘BranchGLMTable.R’ ‘VariableImportance.R’ ‘VariableImportance.boot.R’ ‘summaryBranchGLMVS.R’ Flavors: r-devel-linux-x86_64-debian-clang, r-devel-linux-x86_64-debian-gcc, r-devel-linux-x86_64-fedora-clang, r-devel-linux-x86_64-fedora-gcc, r-devel-windows-x86_64, r-patched-linux-x86_64, r-release-linux-x86_64, r-release-macos-arm64, r-release-macos-x86_64, r-release-windows-x86_64

Version: 3.0.1
Check: installed package size
Result: NOTE installed size is 9.8Mb sub-directories of 1Mb or more: libs 9.1Mb Flavors: r-oldrel-macos-arm64, r-oldrel-macos-x86_64