Last updated on 2025-07-27 08:48:23 CEST.
Flavor | Version | Tinstall | Tcheck | Ttotal | Status | Flags |
---|---|---|---|---|---|---|
r-devel-linux-x86_64-debian-clang | 1.1.0 | 6.91 | 37.66 | 44.57 | OK | |
r-devel-linux-x86_64-debian-gcc | 1.1.0 | 4.42 | 28.48 | 32.90 | OK | |
r-devel-linux-x86_64-fedora-clang | 1.1.0 | 72.60 | OK | |||
r-devel-linux-x86_64-fedora-gcc | 1.1.0 | 70.71 | OK | |||
r-devel-windows-x86_64 | 1.1.0 | 11.00 | 68.00 | 79.00 | NOTE | |
r-patched-linux-x86_64 | 1.1.0 | 6.36 | 37.59 | 43.95 | OK | |
r-release-linux-x86_64 | 1.1.0 | 5.75 | 37.16 | 42.91 | OK | |
r-release-macos-arm64 | 1.1.0 | 29.00 | OK | |||
r-release-macos-x86_64 | 1.1.0 | 53.00 | OK | |||
r-release-windows-x86_64 | 1.1.0 | 10.00 | 67.00 | 77.00 | NOTE | |
r-oldrel-macos-arm64 | 1.1.0 | 30.00 | OK | |||
r-oldrel-macos-x86_64 | 1.1.0 | 38.00 | OK | |||
r-oldrel-windows-x86_64 | 1.1.0 | 13.00 | 77.00 | 90.00 | NOTE |
Version: 1.1.0
Check: C++ specification
Result: NOTE
Specified C++11: please drop specification unless essential
Flavors: r-devel-windows-x86_64, r-release-windows-x86_64, r-oldrel-windows-x86_64