Last updated on 2025-07-27 08:48:23 CEST.
Flavor | Version | Tinstall | Tcheck | Ttotal | Status | Flags |
---|---|---|---|---|---|---|
r-devel-linux-x86_64-debian-clang | 1.6.1 | 10.58 | 77.88 | 88.46 | NOTE | |
r-devel-linux-x86_64-debian-gcc | 1.6.1 | 7.11 | 55.59 | 62.70 | NOTE | |
r-devel-linux-x86_64-fedora-clang | 1.6.1 | 145.67 | OK | |||
r-devel-linux-x86_64-fedora-gcc | 1.6.1 | 129.72 | OK | |||
r-devel-windows-x86_64 | 1.6.1 | 11.00 | 110.00 | 121.00 | OK | |
r-patched-linux-x86_64 | 1.6.1 | 10.71 | 74.34 | 85.05 | OK | |
r-release-linux-x86_64 | 1.6.1 | 8.52 | 74.12 | 82.64 | OK | |
r-release-macos-arm64 | 1.6.1 | 42.00 | OK | |||
r-release-macos-x86_64 | 1.6.1 | 86.00 | OK | |||
r-release-windows-x86_64 | 1.6.1 | 10.00 | 92.00 | 102.00 | OK | |
r-oldrel-macos-arm64 | 1.6.1 | 40.00 | OK | |||
r-oldrel-macos-x86_64 | 1.6.1 | 75.00 | OK | |||
r-oldrel-windows-x86_64 | 1.6.1 | 15.00 | 117.00 | 132.00 | OK |
Version: 1.6.1
Check: CRAN incoming feasibility
Result: NOTE
Maintainer: ‘Gideon Bradburd <bradburd@umich.edu>’
No Authors@R field in DESCRIPTION.
Please add one, modifying
Authors@R: person(given = "Gideon",
family = "Bradburd",
role = c("aut", "cre"),
email = "bradburd@umich.edu")
as necessary.
Flavors: r-devel-linux-x86_64-debian-clang, r-devel-linux-x86_64-debian-gcc