Last updated on 2025-07-26 19:49:46 CEST.
Flavor | Version | Tinstall | Tcheck | Ttotal | Status | Flags |
---|---|---|---|---|---|---|
r-devel-linux-x86_64-debian-clang | 1.0.0 | 1.77 | 17.42 | 19.19 | OK | |
r-devel-linux-x86_64-debian-gcc | 1.0.0 | 1.68 | 14.57 | 16.25 | OK | |
r-devel-linux-x86_64-fedora-clang | 1.0.0 | 32.15 | NOTE | |||
r-devel-linux-x86_64-fedora-gcc | 1.0.0 | 30.24 | NOTE | |||
r-devel-windows-x86_64 | 1.0.0 | 6.00 | 39.00 | 45.00 | OK | |
r-patched-linux-x86_64 | 1.0.0 | 2.34 | 16.43 | 18.77 | OK | |
r-release-linux-x86_64 | 1.0.0 | 2.31 | 16.44 | 18.75 | OK | |
r-release-macos-arm64 | 1.0.0 | 15.00 | OK | |||
r-release-macos-x86_64 | 1.0.0 | 23.00 | OK | |||
r-release-windows-x86_64 | 1.0.0 | 6.00 | 38.00 | 44.00 | OK | |
r-oldrel-macos-arm64 | 1.0.0 | 19.00 | OK | |||
r-oldrel-macos-x86_64 | 1.0.0 | 29.00 | OK | |||
r-oldrel-windows-x86_64 | 1.0.0 | 7.00 | 42.00 | 49.00 | OK |
Version: 1.0.0
Check: dependencies in R code
Result: NOTE
Namespaces in Imports field not imported from:
‘DHARMa’ ‘DT’ ‘MASS’ ‘MVN’ ‘bestNormalize’ ‘broom’ ‘broom.mixed’
‘bslib’ ‘car’ ‘compositions’ ‘correlation’ ‘fontawesome’ ‘htmltools’
‘knitr’ ‘lmerTest’ ‘modelbased’ ‘nnet’ ‘patchwork’ ‘performance’
‘rstatix’ ‘see’ ‘shinyBS’ ‘shinyjs’ ‘shinyscreenshot’ ‘sjPlot’
‘tidyverse’
All declared Imports should be used.
Flavors: r-devel-linux-x86_64-fedora-clang, r-devel-linux-x86_64-fedora-gcc